 of y.
41
Let r = 193 - 79. What are the prime factors of r?
2, 3, 19
Let d(q) = -q**3 + 5*q**2 - 4*q + 2. Let t be d(4). Suppose 3*z - 21 = w, -t*z - 3*w + 7*w + 14 = 0. List the prime factors of z.
7
Let g = 53 + -31. Suppose 0*h + g = 2*h. List the prime factors of h.
11
Let p = 207 - 123. What are the prime factors of p?
2, 3, 7
Let i = 1 + -2. Let h = -23 + i. What are the prime factors of (2 - h/(-1))/(-2)?
11
Suppose w - 6 = -2*r, 6*w = 3*w - 2*r + 30. Let q(m) = -m. Let t be q(-3). Suppose -n + w = t*n. What are the prime factors of n?
3
Let b = 97 + 237. List the prime factors of b.
2, 167
Suppose 591 + 921 = 6*v. List the prime factors of v.
2, 3, 7
Let v be 1/((-9)/(-4) - 2). Suppose v*h = 16 + 16. What are the prime factors of h?
2
Suppose -20*p - 162 = -23*p. List the prime factors of p.
2, 3
Let l = -21 + 77. List the prime factors of l.
2, 7
Let n(o) = -3*o + 3. Let p be n(2). Let j be -3 + (-1 - p - -6). Suppose u = 4*b - 30, 0 = -b - u - 0 + j. List the prime factors of b.
7
Let y be 30/4*16/20. Let i(n) = n - 7. Let l be i(y). What are the prime factors of (-7)/l + (1 - -1)?
3
Let i(c) = c**3 - 5*c**2 + 2*c + 5. Let a be i(5). Suppose -2*v = -5 - a. List the prime factors of v.
2, 5
Suppose 2*h - 80 = h. List the prime factors of h.
2, 5
Suppose o = 3*i - 10, 0 = -2*o - 3*o + 3*i - 62. Let g = -2 - o. Let u = -6 + g. List the prime factors of u.
5
Suppose 0*n - 3*n - 3 = 0. List the prime factors of (n + -14)*(-2)/2.
3, 5
Let u be (-12)/24 - (-57)/2. Let z = 16 + u. What are the prime factors of z?
2, 11
List the prime factors of -98*((-6)/4 - -1).
7
Let i be ((0 - -1)*-4)/(-1). Suppose 8 = 4*a - i. List the prime factors of a.
3
Suppose 0 = 2*x + 2*b - 14, -2*b - 2*b = -4*x + 4. Let j be 16/(-12)*-3 + 2. Let p = j - x. What are the prime factors of p?
2
Suppose 3*w - 32 - 46 = 0. What are the prime factors of w?
2, 13
Let g = 7 + -4. Suppose 1 = -4*t + 9. Suppose -23 = -4*k - t*l - l, -g*l = -3*k + 33. What are the prime factors of k?
2
Suppose 0 = 3*w - 5*d - 15, -w - 3*d = -7*d - 5. What are the prime factors of w?
5
Let a = -14 + 29. What are the prime factors of ((-2)/(-1))/2*a?
3, 5
Suppose 3*z - 4*z = -44. Suppose 0 = -2*y + 2*i - 4*i + z, 90 = 4*y + 5*i. What are the prime factors of y?
2, 5
Let b(j) = -5238*j**3 + 2*j**2 + 2*j + 1. Let h be b(-1). What are the prime factors of h/117 - (-2)/9?
3, 5
Let a(h) = 6*h - 31. List the prime factors of a(11).
5, 7
Let g(m) = -3*m**3 + 2*m**2 + 11*m + 8. What are the prime factors of g(-5)?
2, 3, 7
Let q(c) = 10*c - 1. Let v(i) = 9*i - 1. Let s(p) = 2*q(p) - 3*v(p). Let u be s(1). Let l = u - -11. What are the prime factors of l?
5
Let x = 133 + -37. List the prime factors of x.
2, 3
Let b = 476 - 292. What are the prime factors of b?
2, 23
Let c(w) = w + 1. Let i(f) = -f**2 - 8*f + 5. Let l(a) = -3*c(a) - i(a). Let z be l(-6). What are the prime factors of (z/(-5))/(3/45)?
2, 3
Let x(v) = 7*v + 149. List the prime factors of x(0).
149
Let g = -32 - -92. Suppose 2*b - 5*i = -3*b + 110, 3*b = 5*i + g. List the prime factors of b.
5
Suppose 0 = 3*q - 2*q - 5, -5*q - 295 = -5*g. What are the prime factors of g?
2
Suppose 0*m = 4*m - 24. Suppose m*y - 44 = 3*y + 2*p, -5*p - 61 = -4*y. What are the prime factors of y?
2, 7
List the prime factors of (-2 + 8)*6/4.
3
List the prime factors of (-180)/50*(-80)/6.
2, 3
Let n = 12 - 8. Suppose 0 = 5*q + v + 4*v - 40, 20 = 2*q + n*v. List the prime factors of q.
2, 3
Let y(t) = 37*t**2 + 12*t + 34. List the prime factors of y(-3).
331
Let b be (-2 + (-16)/(-10))/(6/120). Let d(r) = -4 + r**2 + 14 + 9*r + 0. What are the prime factors of d(b)?
2
Let n be 69/(-3)*2/(-2). Let r = -13 + n. What are the prime factors of r?
2, 5
List the prime factors of (29/4)/(2/8).
29
Suppose a - 5*a - 12 = 0. Let h be 1*(-2 - a) - -2. List the prime factors of ((-3)/h + 2)*10.
2, 5
Let g be (4/10)/((-3)/(-30)). Suppose g*l = -3*o + 91, l + 0*l = o + 21. List the prime factors of l.
2, 11
Suppose -5*o + 2*o + 4*x = -9, -3*x = 2*o - 23. Let c = o - 1. List the prime factors of c.
2, 3
Let u(z) = -z**3 - 6*z**2 + 4*z + 1. Let a = -23 + 16. What are the prime factors of u(a)?
2, 11
Suppose -5*g + 3*b + 784 = 0, g - 3*b - 211 = -47. What are the prime factors of g?
5, 31
Let h = 16 - 11. Let b = -17 + h. List the prime factors of (3 + -2)*-1*b.
2, 3
Let r = 10 + -7. Suppose -r*y = -24 - 54. List the prime factors of y.
2, 13
Let b = -7 + 10. Suppose b*f - 58 = -19. What are the prime factors of 1 + f + (-2 - 0)?
2, 3
Let l(j) = -j**2 - 4*j + 5. Let m be l(-5). Suppose 5*h - 4*i - 5 + 3 = m, -2*h - 2*i + 8 = 0. Suppose 0 = -0*x + h*x - 28. List the prime factors of x.
2, 7
Let v = 251 + -124. List the prime factors of v.
127
Suppose 3*n - 6 = 3*a - n, -5*a = 5*n + 45. What are the prime factors of (-6)/(-9) - 26/a?
5
Let s be -6*2*(-2)/2. Let n(y) = -y**3 + 12*y**2 + 9. What are the prime factors of n(s)?
3
Let i = 5 + -1. Let t(m) be the third derivative of m**6/120 - m**5/15 + m**4/24 + 5*m**3/6 - 6*m**2. List the prime factors of t(i).
3
Suppose -646 - 359 = -5*s. What are the prime factors of s?
3, 67
Let n(i) = 4*i**3 + i**2 - 7*i + 12. Let o(m) = 5*m**3 - 8*m + 13. Let j(s) = 6*n(s) - 5*o(s). What are the prime factors of j(5)?
2, 11
Let a(s) = 109*s**3 - s**2 + 5*s - 4. List the prime factors of a(1).
109
Suppose 0 = 2*r + r. Suppose 10 = 4*z + a + 30, r = 4*z - a + 28. List the prime factors of -2*(27/z - 1).
11
Suppose 5*l = -0*l + 25. Let p = -4 + l. Suppose 0 = -4*d - 3*j + p, 4*j = -20. List the prime factors of d.
2
Let z = 13 + -6. Let g be (-52)/(-14) - (-2)/7. List the prime factors of (z/g)/((-6)/(-24)).
7
Let g(h) = -h + 163. List the prime factors of g(0).
163
Suppose -3*r + 2*v + 4 = -13, -4*r + 20 = -4*v. Suppose -5*f - r + 2 = 0. What are the prime factors of (f + -1)/((-2)/16)?
2
Let d = 7 - 3. Suppose d*t + 14 = 5*t. List the prime factors of t.
2, 7
Suppose 4*t + 4 = 2*g, 21 = 5*g - 3*t - 24. Suppose 4*h - 44 = g. List the prime factors of h.
2, 7
Suppose 0 = -3*d + 2*i + 1 + 22, 5*i + 33 = 4*d. Let w(m) = 3*m - 6. What are the prime factors of w(d)?
3, 5
Let a = 6 + -12. Let j be 4/(-10)*(-30)/a. List the prime factors of (-1 - j)/((-6)/(-12)).
2
Suppose 7 + 1 = 2*f. Suppose f*r = q - 23 + 1, q = -4*r - 2. List the prime factors of q.
2, 5
Let u = -16 - -9. Let f = 2 - u. What are the prime factors of f?
3
Let g(i) = -2*i**2 + 2*i + 1. Let f be g(2). Let b be (1 - -2) + f + 0. Suppose -2*o = 0, b*o + 6 = k - 4*o. What are the prime factors of k?
2, 3
Let n be 7/3 - 4/12. List the prime factors of (-2)/(n + 0)*-42.
2, 3, 7
Let m be (2/(-4))/((-8)/(-16)). Let w(u) = -3*u + 3. Let l be w(3). Let k = m - l. List the prime factors of k.
5
Suppose 4*w = 5*n + 70, w - 6*w + 55 = -3*n. Let i be 4/n + 8/20. Suppose -28 = -2*r - 2*x, 0 = -i*x - x + 5. List the prime factors of r.
3
Suppose -2*t + 252 = 2*t. Suppose -5*g + 4*g = 3*h - 37, -5*h = 3*g - t. List the prime factors of h.
2, 3
Suppose -8 = q - 2*q + 2*d, 0 = -4*q - 4*d + 68. Suppose 2*c + 2 = q. What are the prime factors of c?
2, 3
Let f = -167 - -306. What are the prime factors of f?
139
Let z = 39 + 4. What are the prime factors of z?
43
Suppose n = 4*n + 18. Let t = 36 + n. What are the prime factors of t?
2, 3, 5
Let l be (-6)/(10/4 + -1). List the prime factors of -1 - 6*2/l.
2
Let x(m) = -193*m - 2. List the prime factors of x(-2).
2, 3
Suppose d - u - 7 = 0, -2*u + 4 = -3*d + 25. Let f = 18 - d. List the prime factors of f.
11
Suppose 0 = -w - 2*v + 317, -4*v - 119 = 5*w - 1722. List the prime factors of w.
17, 19
Let j = 2 + -2. Let w = j - -5. Suppose 11 = w*p - 14. List the prime factors of p.
5
Let g(c) = -c**3 - 3*c**2 - 2*c + 1. Let s be g(-2). Suppose -z + s = 0, -2*r - z + 9 = -6. What are the prime factors of r?
7
Let n = 198 - 147. List the prime factors of n.
3, 17
Let t be (-9 - 0)*1/(-3). Suppose 0 = 2*z + z - 3*x - 18, -t*z + x + 14 = 0. Let o = 7 - z. List the prime factors of o.
3
Let d = 70 - 44. List the prime factors of d.
2, 13
Let w(o) = o**3 - 11*o**2 - 8*o - 1. What are the prime factors of w(12)?
47
Suppose 5*w = 6*w - 3. Let l = 16 + w. What are the prime factors of l?
19
Let m(v) = 3*v**3 - 7*v**2 - 3*v - 2. Let k(d) = -2*d**3 + 6*d**2 + 3*d + 2. Let